))?
4
What is the value of 139 - 123 - (2 - -2 - (-2 - -3))?
13
9 - (-3 + 4 + 6 + 1) - 8
-7
Calculate -7 + (12 - 27) + 21.
-1
-3 + (-14 - -15) - -4
2
What is -6 + (-3 + 2 + -1 - (36 - 44))?
0
Calculate 20 - (0 + (13 - 15) + -2 + 13).
11
What is (4 - -23 - -11) + -12?
26
(0 - ((0 - (-7 - 3)) + -3)) + -5
-12
What is 2 + (-5 - ((2 - 6) + -10))?
11
Calculate -1 - (-32 + 0 + 19 + -25 + 15).
22
Calculate -9 + 0 + (0 + 21 - 31).
-19
(-8 - (-8 - 26) - 9) + (6 - 8)
15
Evaluate (-13 - -21 - 27) + 30.
11
Calculate -29 + 30 + (10 - 30).
-19
Calculate 11 + 3 + -1 - (-18 + 16).
15
Evaluate -1 + 1 + -3 + 5 - (328 + -308).
-18
What is the value of -9 - (283 + -322 - (-1 - 0))?
29
-4 - (-1 + (3 - -9 - -5))
-20
What is the value of 4 - (10 + 2) - (-3 + 7 - 0)?
-12
What is the value of (61 - 4) + -34 + 7?
30
Calculate -2 - (-1 - -1) - (-2 + 13).
-13
What is 4 + 4 + -4 + 4?
8
Calculate -14 + 6 - (-21 - (11 + -20)).
4
-1 + 26 + -6 + -28 + 26
17
10 + -5 + -7 - (-16 - -11)
3
Evaluate -12 - (-19 + 33 + -29).
3
What is the value of (-3 + 5 - 27) + (344 - 350)?
-31
Evaluate (0 - (-12 + 0)) + -4.
8
What is 31 + (28 - 50) - (1 - 0 - 7)?
15
(-15 + 11 - (0 - 1)) + 16 + -10
3
2 - -1 - (365 - 383)
21
Evaluate 4 + -19 + 6 - 2 - (3 - 1).
-13
What is the value of -16 + 7 + (12 + -25 - 12)?
-34
20 + (-1 - (7 + 6 + -6 + -3))
15
9 + -3 + -15 - -21
12
What is 4 + (12 - -1) - 6?
11
What is the value of -6 + 0 + 1 + 47 + -42?
0
Evaluate (2 - 3) + 8 + -18 + 3 + -2.
-10
-2 - -8 - ((10 - 9) + 3)
2
54 + -54 - ((1 - 3) + 2 + 5)
-5
What is 5 + (1 - 0) + (-23 - 83 - -114)?
14
Calculate (22 - 12) + -12 + -8 + 7.
-3
What is 6 - 4 - (5 + -1 + -10 - -5)?
3
Evaluate -1 + (0 - 4) + (25 - (1 - -1)).
18
What is (-12 - -4 - (-9 - -3)) + (-10 - -6)?
-6
What is 30 - (-17 + -16 + 22 + 15)?
26
What is the value of -24 + 53 + -13 + 11?
27
Evaluate -17 + 1 - (-4 + -23).
11
Calculate 7 - (9 + (-7 - -16 - 11)).
0
What is (3 - 0) + -14 + 10 + -12?
-13
What is the value of (-6 - -20) + -17 + 26 + 1?
24
(29 - (-31 + 66)) + (-1 - 9)
-16
(-2 + -2 + -2 - -4) + -4
-6
What is (-5 + 7 + -1 - -8) + 1?
10
What is the value of 0 + 4 + (50 - 29) + 5 + 2?
32
Evaluate 7 - ((1 - 11) + 112 + -77).
-18
What is 1 + 9 + (12 - (12 + 1 + -2))?
11
16 + -1 + -5 - (1 + (7 - 2))
4
What is the value of 19 + 1 + ((-12 - -22) + -10 - 6)?
14
Evaluate -183 - -170 - (-2 - (5 + -3)).
-9
What is the value of 17 + 13 + -2 + 2 + -21?
9
What is the value of (-7 - (-11 - -5) - 2) + (3 - 6)?
-6
-15 - ((-3 - -8) + -45 + 39)
-14
Calculate 12 + 7 + (-4 - (-10 + 8)).
17
40 + (-15 - 35) - ((0 - 0) + -1)
-9
Calculate 23 + -8 + 12 - 19.
8
What is -9 + 1 + 0 + -14 + 5 + 6?
-11
Calculate (45 - (5 + 8)) + (6 + -18 - -4).
24
Evaluate -40 + 37 - -47 - (0 + 18).
26
Calculate 4 + -10 + (-34 - -35) - 21.
-26
What is the value of -2 - (-7 + 1) - (-1 - (-11 - -2))?
-4
What is 78 - 91 - ((0 + 4 - 2) + 9)?
-24
Evaluate (7 + -40 - -34) + (-3 - 1).
-3
What is 72 + (-52 - -30) + -22?
28
What is 6 + (2 - (12 + 1 + -8))?
3
What is the value of (40 - 4) + -30 + (0 - 3) + 0?
3
Calculate (0 - 1) + (-2 - 0).
-3
-3 + 3 + -3 - (-19 - -27)
-11
Evaluate (2 - -1) + -14 + (22 - 12).
-1
Evaluate (3 + -12 - (15 - 14)) + 6.
-4
(10 + -2 - 7) + (26 - 44)
-17
Evaluate 8 - 0 - ((-5 - -5) + 0 + -2).
10
Calculate -7 + 10 - ((-2 - -7) + -13 + 34).
-23
Evaluate -1 - -9 - (-506 - -498).
16
What is 0 + 5 + (-17 - -22) + -1?
9
(60 - 48) + -5 + 4 + (-1 - -2)
12
Calculate -10 - ((-2 - 4 - 1) + 10).
-13
Calculate (-1 - -4 - (16 + 8 + -18)) + 7.
4
Evaluate 29 - (-14 + 16 + 7).
20
What is the value of 12 + (-4 + 7 + -4 - 2 - 1)?
8
Evaluate 7 + (-5 - ((-5 - -10) + -11)) + 5.
13
Calculate 3 - -1 - (20 + -8 + -11).
3
Calculate 2 - (2 - 1) - (34 - (-27 + 44)).
-16
Evaluate 28 + (-18 - (-6 + -13)) - (2 - -7).
20
Calculate -4 + (5 - (-8 + (11 - -5))).
-7
Evaluate -11 - (-9 - (-5 - -10)).
3
622 + -603 + (-3 - 2 - -2)
16
9 + -19 + (-1 + 1 - -5) + 11
6
Calculate 4 + 0 + 2 + -3 + 2.
5
Calculate (-24 - -16) + 16 - 0.
8
What is the value of (12 - 14) + 12 - (19 + (-3 - -10))?
-16
What is (15 - 9) + -30 + (5 - -4)?
-15
Evaluate 27 + (-5 - 4 - 15).
3
What is the value of 10 + -21 + -20 + 36?
5
-17 + (1 - -2) - (4 - 13)
-5
Calculate (1 - 1) + 268 + -268 - (-1 + -6).
7
(8 - 14) + -2 + 35
27
Evaluate -2 - (6 - (-3 + 3 + 4)).
-4
What is -3 - 1 - (2 + 14 - 31)?
11
What is the value of 2 - -5 - (-6 + 9 + -14)?
18
What is 8 - ((3 - -3) + 8)?
-6
(6 - 13) + 13 + (0 - 9) - -11
8
-16 - -8 - (5 - 6)
-7
Calculate -9 - (13 - 19 - -20).
-23
11 + 1 + -60 + 27
-21
67 - (-25 + 53) - 62
-23
Calculate 22 + -19 - (4 + -2).
1
What is 2 + 3 + -22 + 10 + 6 + 1?
0
What is -3 + -6 - (18 + (-11 - 15))?
-1
Evaluate (14 - -3) + 2 + 5 + -5 + -2.
17
What is -80 + 69 + (4 - 1)?
-8
What is (-29 - -15) + 9 + -13 - (1 + -6)?
-13
What is -1 + -3 + (40 - (16 + 31))?
-11
What is the value of (-51 - -63) + -15 + 17 + (0 - -2)?
16
Evaluate (-1 - -5) + (-1 - 13) + 6 + -10.
-14
Calculate -10 + -9 + 38 + (21 - 19).
21
-21 - -25 - (13 + -5)
-4
Evaluate -1 + 0 + 6 + -9 + -17.
-21
What is -1 + (-1 + -4 - -19) + -15?
-2
What is the value of (-11 - (-43 - -26)) + 17 + 0?
23
What is the value of (-42 + 4 - -25) + -3 + -12?
-28
-25 + 3 + 0 + (47 - 45)
-20
What is 8 - ((1 - 3) + (-17 - (-10 - -2)))?
19
Evaluate 14 + (24 - 43) + (3 - -9).
7
(15 - 4) + -11 + 0 + -4
-4
Evaluate 4144 - 4112 - (1 - (-3 + 2) - -1).
29
Calculate (-5 - -7) + 24 + 2 + -13.
15
Evaluate (12 + -19 - -15) + -8.
0
Calculate 38 - (17 - -16) - (0 + 0 + -7).
12
What is (23 - (-41 + 10 - -20)) + 2 + -6?
30
What is 7 - (5 + (-8 - -13))?
-3
-2 - -8 - (7 - (3 - (-5 + -1)))
8
Calculate 21 + (3 - (38 - 1)).
-13
What is 8 - (3 + -1 + 14 + 6)?
-14
Calculate -27 - (-48 + 24) - 19.
-22
What is -226 - -219 - (2 + 4)?
-13
What is the value of 20 + 2 + (-14 + 2 - -6) + -4?
12
Calculate -210 + 228 - (20 - 0).
-2
Calculate -21 - (8 - (0 - -14)).
-15
Evaluate (7 - (18 + -7)) + -5.
-9
-4 - (-7 - (0 + 0 + -5 + -1))
-3
What is the value of (3 - (0 - 6)) + -9?
0
8 + 0 + -4 + 9 + 2
15
What is the value of (-7 - -5) + -38 + -1 + (-13 - -22)?
-32
Calculate -16 + 21 + -2 - (2 + 0 + -23).
24
What is the value of 1 - -11 - (21 - (-35 + 19 - -29))?
4
Calculate (-3 - 0) + (42 - (15 + -4)).
28
-13 + (-26 - 4 - -17)
-26
What is the value of 0 - (-5 - ((0 - -3) + -11 - -2))?
-1
What is (11 - (3 + -9)) + (15 - 22)?
10
0 - -2 - 7 - (-92 - -73)
14
Evaluate -1 + -3 + -15 + 24 - -6.
11
What is -12 + 3 + (18 - (-10 - -21))?
-2
What is 10 - (-8 + 4 + (33 - 39))?
20
Calculate -12 - -17 - (10 + 0 + 2).
-7
Calculate -4 - (16 - 14) - 15.
-21
What is 24 + -4 + -39 + 2 + -6 + -3?
-26
Evaluate -2 + -3 - (-14 + 13 + 1).
-5
Evaluate 17 - (-37 + (18 - -31)).
5
What is the value of 43 + (16 - 37 - 2)?
20
Calculate -91 + 76 - (-3 + 1).
-13
Calculate (-1 - -20) + (10 - (-2 - -21)).
10
(2 - 10) + 0 + 6 + 10
8
Calculate 25 + -3 + -169 + 137.
-10
What is 8 - (-3 + (-20 - -16))?
15
7 + (2 - -19 - -2)
30
4 - ((4 - -5) + 4) - 6
-15
Calculate -124 + 129 + 3 + -21.
-13
Calculate (-11 - (9 + -27)) + -12.
-5
(3 - (-9 - (4 - 34))) + 1 + -1
-18
What is -12 + (8 - (1 - (-1 + -7) - 6))?
-7
What is -3 - (18 - 27 - -28)?
-22
Evaluate -20 - -28 - 32 - -4.
-20
-1 + (3 + 6 - (1 - (19 - 24)))
2
What is the value of 7 - (27 - (7 + (-11 - -3) + 5))?
-16
What is 25 + -15 + 1 + 12 - (0 - -5)?
18
What is (9 - -1) + (6 - (-10 + 13))?
13
What is the value of -5 + -2 + 1 - (-7 - -6)?
-5
What is 38 + -17 + 2 + -45?
-22
What is -5 - -4 - (9 - 15 - -16)?
-11
What is (-5 - -12) + -9 - 27?
-29
6 + (-1 + -15 - (312 + -307))
-15
What is -5 + (27 - (13 - 0)) - (18 + -1)?
-8
Calculate (10 + (-6 - (-3 + 4)) - -5) + 25.
33
What is 0 - (3 - -4) - (-1 + -7)?
1
251 + -261 + (2 - 2 - -7)
-3
Evaluate (4 - (7 - (-6 + 12 - 5))) + 7.
5
Calculate 7 + -3 + -6 - -14 - (-3 + 4).
11
21 - (9 - 8) - 10
10
What is the value of 16 - (-5 + 2 + -3 + (399 - 390))?
13
(-1 - (14 - 9)) + 10 + (-1 - 1)
2
What is -7 + (8 - (19 - (-1 + -1)))?
-20
What is the value of -7 + 5 + 8 + -15 + 22?
13
What is the value of (-2 - 0 - 2) + 2 + 123 + -127?
-6
What is the value of 0 + -20 + -799 + 794?
-25
What is 25 + -3 + -14 + -23?
-15
Calculate (-5 - (11 - 6 - 1 - -5)) + 8.
-6
Evaluate 0 + 0 - (-100 + 76 + (11 - -1)).
12
Evaluate 24 + (16 - (42 - 23)).
21
Evaluate -14 + 14 + -4 + 18 + -4.
10
What is the value of 